alculate the remainder when x is divided by n(-6).
28
Let y = -4479 + 4726. What is the remainder when y is divided by 106?
35
Let l(t) = -7*t**2 + 24*t - 68. Let h(v) = v**2 - 1. Let n(s) = 6*h(s) + l(s). What is the remainder when n(9) is divided by 31 + (2/2)/1?
29
Let a be (30/(-9))/((-10)/15). Suppose 5*d + 3*j = -227, -d + 5*j - 28 = -a. Let o = 15 - d. Calculate the remainder when o is divided by 30.
28
Suppose -3*i - i = 440. Let r = 173 + i. Suppose 0 = 2*t - v - v - 58, 4*v = -6*t + 204. What is the remainder when r is divided by t?
31
Let c(r) = r**3 + 7*r**2 - 4*r - 9. What is the remainder when (-15)/33 - 239136/(-1056) is divided by c(-7)?
17
Let y(r) = 2*r**3 + 32*r**2 - 62*r - 417. Calculate the remainder when y(-17) is divided by 12*-1*(-2)/4.
5
Suppose 4241*v + 80*v - 159877 = 0. Suppose -4*j + 43 + 7 = 2*s, 4*s + 12 = 0. What is the remainder when v is divided by j?
9
Let t(a) = -18*a + 76. Let o be t(3). Suppose 0 = -20*m + o*m - 30. What is the remainder when 49 is divided by m?
4
Suppose 34*b - 3246 - 630 = 0. Suppose 2*v - 8*v = -234. Calculate the remainder when b is divided by v.
36
Let l be ((2*7)/2)/((-15)/(-15)). Suppose -6*p = l - 43. Calculate the remainder when 46 is divided by p.
4
Suppose -19 = -5*i + 96. Let j = 75 - 80. Let u = j - -14. Calculate the remainder when i is divided by u.
5
Suppose 0 = -5*s - 2*f - 83, 8*s - 3*s - 5*f = -90. Let v = 46 + s. What is the remainder when v is divided by 10?
9
Let u(q) be the first derivative of -17*q**2 - 2*q - 19. Let n be u(1). Let j = n - -95. What is the remainder when j is divided by 9?
5
What is the remainder when 113 is divided by (-2226)/(-22) + 256/(-1408)?
12
Suppose 0 = 3*c + 3*i - 6*i - 27, -48 = -5*c + 2*i. Suppose -15 = 5*k + c, -3*o = k - 166. Calculate the remainder when o is divided by 20.
17
Suppose 0 = 8*m - 101 + 21. Let s be (-8)/(-40) + (-32)/m. What is the remainder when -25*(-2)/(s - -5) is divided by 7?
4
Suppose -11951 = -18*y - 19*y. Suppose 5*w - 3*o = 311, -5*w = -10*w - o + y. Calculate the remainder when 116 is divided by w.
52
Suppose q = -5*v - 25, 0*q - 4*q - 5*v = 25. Suppose 162 = 3*b - 0*b + 3*m, 5*m = 25. Let c = b + q. What is the remainder when c is divided by 10?
9
Suppose -1141 = 6*z + z. Let n = 179 + z. What is the remainder when 55 is divided by n?
7
Suppose -193 = -13*w + 146 - 183. Calculate the remainder when 362 is divided by w.
2
Let x = 537 - 309. Calculate the remainder when 398 is divided by (20/6)/(-5)*x/(-8).
18
Let r = 3617 - 3471. Suppose -j + 115 = 2*j + l, 0 = -3*j - 3*l + 123. Calculate the remainder when r is divided by j.
35
Let t be 1*(9 + -5 + 5). Suppose t*k - 78 - 12 = 0. Calculate the remainder when 19 is divided by k.
9
Suppose 0 = 2*a + 10, -b + 162 = -a + 116. Let p be (-1 + 0)*2 - -1. Let g(d) = -121*d + 1. What is the remainder when g(p) is divided by b?
40
Let r(l) = 1 + 2 - 3*l**2 - 2*l + 4*l**2. Let a be r(6). What is the remainder when 112 is divided by a - -2*(-10)/5?
20
Let g be 705/(-40) - (-6)/(-16). Let i be 6 + -8 - g/2. Suppose -5*n = i*n - 168. What is the remainder when 81 is divided by n?
11
Calculate the remainder when (60/35)/(303/1414) is divided by 1 + 0 + 1 + -1.
0
Let l(c) = 3*c**3 - 2*c**2 - 4*c + 15. Let v be l(2). Suppose 10*r - 7260 = -v*r. Calculate the remainder when r is divided by 37.
35
Calculate the remainder when 498 is divided by (-9 - -3)/6*-10.
8
Let l = -1 + 5. Let x(f) = 2*f**3 - 4*f**2 - 2*f + 6. Let t be x(l). Let z = 147 - t. What is the remainder when z is divided by 22?
19
Let s be (0 - 2)*(-2)/2 - 584. What is the remainder when 5 + 5/((-15)/s) is divided by 50?
49
Let q = -108989 - -109005. Let j = 46 - 13. Suppose 3*r - 153 = j. Calculate the remainder when r is divided by q.
14
Suppose 0 = 44*l - 38*l - 36. Calculate the remainder when (-6)/36*-4 - (-1184)/l is divided by 17.
11
Let i(t) = -t. Let u(c) = 2*c + 9. Let p(j) = -2*i(j) + u(j). Let k be 1 + 10*4/8. What is the remainder when p(k) is divided by 6?
3
Let c(x) = 3*x**2 - 182*x + 138. What is the remainder when 144 is divided by c(60)?
0
Let k = 646 + -635. What is the remainder when 436 is divided by k*40/(1 - -7)?
51
Let f = 3877 + -3654. What is the remainder when f is divided by 11?
3
Suppose 380252 = 505*l - 35868. What is the remainder when 1678 is divided by l?
30
Let z(y) = -y**3 + 7*y**2 - 4*y - 5. Let w be z(6). Suppose -t - 4 = -3*t, -125 = -5*n + 5*t. Calculate the remainder when (w/(-2))/(6/168*-2) is divided by n.
22
Suppose 327 = -r - 4*t, 0 = -4*r - t + 6*t - 1203. Let l = -288 - r. What is the remainder when 44 is divided by l?
6
Let x = -16 - -22. Suppose -9*f + v = -x*f - 56, -20 = -5*v. Suppose -5*u - 4 = -3*w + 42, -5*u = -f. What is the remainder when 87 is divided by w?
21
Suppose 0 = 3*q - 2*f - 88, q + 3*q - 124 = -4*f. Suppose -57*b = -58*b + 41. Suppose -36 = b*s - 45*s. What is the remainder when q is divided by s?
3
Let l(a) = 7*a + 2. Let v be l(2). Suppose v - 112 = -3*x. Calculate the remainder when x is divided by (50/15)/(4/10*110/66).
2
Suppose 185*n - 181*n - 931 = -5*l, -2*l + 376 = -2*n. Suppose 4*t + 2*d = 144, 2*t - 4*d - 45 = 47. What is the remainder when l is divided by t?
35
Suppose x + 0*x = 90. Suppose -5*i + 57*f + 195 = 52*f, 131 = 3*i + 4*f. Calculate the remainder when x is divided by i.
8
Let h(z) = 19*z**2 + 4*z - 3. Suppose 0 = -37*k - 80*k + 13*k + 1456. What is the remainder when h(3) is divided by k?
12
Suppose 23*x + 11115 = 45017. Calculate the remainder when x is divided by 7.
4
Suppose -r + 254 = -37. Suppose -293*a = -r*a - 32. What is the remainder when 143 is divided by a?
15
Let k be (3*2)/(13 + -15) + 307. Suppose 3*d - 22*d = -k. What is the remainder when 285 is divided by d?
13
Let n be (-3)/((0 + -1)*(1 - 0)). Let l be n/(3/2) + 1. Suppose -3*w + 2*k - k = -l, -7 = -5*w + k. What is the remainder when 8 is divided by w?
0
Let y = 159 + -157. Suppose -5*q = y*q - 245. Let g(m) = -m**3 + 6*m**2 - 2*m - 3. What is the remainder when q is divided by g(3)?
17
Let i = 625 + -620. Suppose -2*f + 184 = -i*n + 639, -3*n + 4*f + 259 = 0. Calculate the remainder when n is divided by 24.
21
Let x = 310 - 101. Let k be (-5 + 14)*2/6. Let u(o) = 7*o**2 - 3*o - 1. What is the remainder when x is divided by u(k)?
50
Let p = 4754 + -4615. What is the remainder when 500 is divided by p?
83
Let c(j) = j - 15. Let m be c(-43). Let f = m - -103. Suppose -2*l = -2*p - 456, p - 656 = -3*l - 3*p. Calculate the remainder when l is divided by f.
44
Suppose 134 = -b + 2*b. Let h = -67 + 81. Calculate the remainder when (b/(-3) - 1)*-3 is divided by h.
11
Let z be (-1)/(3*(-2)/6). Let n = 549 - 524. What is the remainder when z/(-2) - 1410/(-20) is divided by n?
20
Let l(w) = 10*w**2 + 88*w + 320. Let r = 1 + 1. Suppose -r*z = -7*z + 215. What is the remainder when l(-4) is divided by z?
42
Let b(x) = -x**3 + 11*x**2 - 11*x + 8. Let t = -709 - -724. Calculate the remainder when b(9) is divided by t.
11
Let y = -2764 - -2786. What is the remainder when 263 is divided by y?
21
What is the remainder when 1040 is divided by 5/20 - (-3105)/108?
25
What is the remainder when -11*(-413)/(-649) + -2*(-317 + 0) is divided by 9?
6
Let d be (2/1)/((-84)/(-8) + -11). Calculate the remainder when 5/(-10)*(-56 + d) is divided by 17.
13
Let k(q) = -14*q**2 - 2*q + 27. Let p be k(-7). Let c = p + 652. Let h(j) = -2*j**3 - 4*j**2 + 2*j - 1. What is the remainder when h(-4) is divided by c?
6
Suppose -7*a - 13*a = -23460. Suppose -48 = -a*p + 1170*p. What is the remainder when 71 is divided by p?
7
Suppose 5*m - 48*m + 2881 = 0. What is the remainder when 3481 is divided by m?
64
Let f(d) = 135*d**2 - 650*d + 30. Calculate the remainder when 9609 is divided by f(5).
154
Suppose -3*g - 5*p + 175 = 0, 0 = 2*p + 26 - 42. What is the remainder when 29877 is divided by g?
42
Let z(y) = y**2 + 21*y - 135. Let d be z(6). Suppose -b = 2*a - 37, d*b - 25*b - 50 = 2*a. Calculate the remainder when 38 is divided by b.
9
Let n = -14 + 46. Suppose 3*b - 181 = -2*l + 198, -4*l + 133 = b. Suppose 19*c - 14*c - b = 0. Calculate the remainder when n is divided by c.
7
Let p be 6*1*(-2)/(-4). Suppose -2*s = 2, 3*r - 2*r = p*s + 28. Calculate the remainder when (-465 - -471) + (0/(-4) -